{"id":47740,"date":"2026-04-30T11:05:19","date_gmt":"2026-04-30T15:05:19","guid":{"rendered":"https:\/\/autravail.ca\/?post_type=product&#038;p=47740"},"modified":"2026-04-30T11:05:51","modified_gmt":"2026-04-30T15:05:51","slug":"veste-de-securite-116523","status":"publish","type":"product","link":"https:\/\/autravail.ca\/en\/product\/veste-de-securite-116523\/","title":{"rendered":"Veste de s\u00e9curit\u00e9 &#8211; 116523"},"content":{"rendered":"<h3>Veste de s\u00e9curit\u00e9 &#8211; 116523<\/h3>\n<p>Veste de s\u00e9curit\u00e9 &#8211; 116523 est un mod\u00e8le d\u00e9tachable en 5 points, con\u00e7u pour offrir une s\u00e9curit\u00e9 accrue en \u00e9vitant les risques d&rsquo;enchev\u00eatrement dans les machines ou les zones de trafic intense.<\/p>\n<h6>Characteristics:<\/h6>\n<ul>\n<li><span dir=\"auto\">Fabriqu\u00e9 en maille de polyester<\/span><\/li>\n<li>Bande r\u00e9fl\u00e9chissante de 5 cm sur une bande contrastante de 10 cm<\/li>\n<li><span dir=\"auto\">Fermeture par bande auto-agrippante anti-enchev\u00eatrement sur le devant, les \u00e9paules et les c\u00f4t\u00e9s<\/span><\/li>\n<li><span dir=\"auto\">2 boucles de microphone<\/span><\/li>\n<li><span dir=\"auto\">Poche transparente pour badge d&rsquo;identification<\/span><\/li>\n<li><span dir=\"auto\">2 poches \u00e0 rabat \u00e0 la taille<\/span><\/li>\n<li><span dir=\"auto\">Acc\u00e8s au harnais par anneau en D au niveau de la bride arri\u00e8re<\/span><\/li>\n<li>CSA-Z96: Classe 1 &#8211; Niveau 2 (noir), Classe 2 &#8211; Niveau 2 (orange et jaune)<\/li>\n<li>ANSI\/ISEA 107: Type O &#8211; Classe 1 (noir), Type R &#8211; Classe 2 (orange et jaune)<\/li>\n<\/ul>\n<p><img decoding=\"async\" class=\"alignnone wp-image-40620\" src=\"https:\/\/autravail.ca\/wp-content\/uploads\/2025\/09\/Jachete-quebec-et-canada.jpg\" alt=\"Logo de l'achat local\" width=\"162\" height=\"139\" \/>Merci d&rsquo;encourager une entreprise 100% d&rsquo;ici!<\/p>\n<p>TS2604H<\/p>","protected":false},"excerpt":{"rendered":"<p>Veste de s\u00e9curit\u00e9 &#8211; 116523 Veste de s\u00e9curit\u00e9 &#8211; 116523 est un mod\u00e8le d\u00e9tachable en 5 points, con\u00e7u pour offrir une s\u00e9curit\u00e9 accrue en \u00e9vitant les risques d&rsquo;enchev\u00eatrement dans les machines ou les zones de trafic intense. Caract\u00e9ristiques: Fabriqu\u00e9 en maille de polyester Bande r\u00e9fl\u00e9chissante de 5 cm sur une bande contrastante de 10 cm [&hellip;]<\/p>","protected":false},"featured_media":47741,"comment_status":"open","ping_status":"closed","template":"","meta":[],"product_cat":[702,633,602,604,658],"product_tag":[255,242,291],"class_list":{"0":"post-47740","1":"product","2":"type-product","3":"status-publish","4":"has-post-thumbnail","6":"product_brand-groupe-bbh","7":"product_brand-le-magasin-industriel","8":"product_cat-accessoires-de-securite","9":"product_cat-femmes","10":"product_cat-hommes","11":"product_cat-vetements-de-travail","12":"product_cat-vetements-haute-visibilite","13":"product_tag-femme","14":"product_tag-homme","15":"product_tag-vetements-haute-visibilite","17":"first","18":"instock","19":"taxable","20":"shipping-taxable","21":"purchasable","22":"product-type-variable"},"yoast_head":"<!-- This site is optimized with the Yoast SEO plugin v25.3.1 - https:\/\/yoast.com\/wordpress\/plugins\/seo\/ -->\n<title>Veste de s\u00e9curit\u00e9 - 116523 - Le Magasin Industriel<\/title>\n<meta name=\"description\" content=\"Veste de s\u00e9curit\u00e9 - 116523 avec bande r\u00e9fl\u00e9chissante est un mod\u00e8le d\u00e9tachable en 5 points, con\u00e7u pour offrir une s\u00e9curit\u00e9 accrue\" \/>\n<meta name=\"robots\" content=\"index, follow, max-snippet:-1, max-image-preview:large, max-video-preview:-1\" \/>\n<link rel=\"canonical\" href=\"https:\/\/autravail.ca\/en\/product\/veste-de-securite-116523\/\" \/>\n<meta property=\"og:locale\" content=\"en_US\" \/>\n<meta property=\"og:type\" content=\"article\" \/>\n<meta property=\"og:title\" content=\"Veste de s\u00e9curit\u00e9 - 116523 - Le Magasin Industriel\" \/>\n<meta property=\"og:description\" content=\"Veste de s\u00e9curit\u00e9 - 116523 avec bande r\u00e9fl\u00e9chissante est un mod\u00e8le d\u00e9tachable en 5 points, con\u00e7u pour offrir une s\u00e9curit\u00e9 accrue\" \/>\n<meta property=\"og:url\" content=\"https:\/\/autravail.ca\/en\/product\/veste-de-securite-116523\/\" \/>\n<meta property=\"og:site_name\" content=\"Le Magasin Industriel\" \/>\n<meta property=\"article:publisher\" content=\"https:\/\/www.facebook.com\/lemagasinindustriel\/?locale=fr_FR\" \/>\n<meta property=\"article:modified_time\" content=\"2026-04-30T15:05:51+00:00\" \/>\n<meta property=\"og:image\" content=\"https:\/\/autravail.ca\/wp-content\/uploads\/2026\/04\/116523_A01.jpg\" \/>\n\t<meta property=\"og:image:width\" content=\"1000\" \/>\n\t<meta property=\"og:image:height\" content=\"1000\" \/>\n\t<meta property=\"og:image:type\" content=\"image\/jpeg\" \/>\n<meta name=\"twitter:card\" content=\"summary_large_image\" \/>\n<meta name=\"twitter:label1\" content=\"Est. reading time\" \/>\n\t<meta name=\"twitter:data1\" content=\"2 minutes\" \/>\n<script type=\"application\/ld+json\" class=\"yoast-schema-graph\">{\"@context\":\"https:\/\/schema.org\",\"@graph\":[{\"@type\":\"WebPage\",\"@id\":\"https:\/\/autravail.ca\/product\/veste-de-securite-116523\/\",\"url\":\"https:\/\/autravail.ca\/product\/veste-de-securite-116523\/\",\"name\":\"Veste de s\u00e9curit\u00e9 - 116523 - Le Magasin Industriel\",\"isPartOf\":{\"@id\":\"https:\/\/autravail.ca\/#website\"},\"primaryImageOfPage\":{\"@id\":\"https:\/\/autravail.ca\/product\/veste-de-securite-116523\/#primaryimage\"},\"image\":{\"@id\":\"https:\/\/autravail.ca\/product\/veste-de-securite-116523\/#primaryimage\"},\"thumbnailUrl\":\"https:\/\/autravail.ca\/wp-content\/uploads\/2026\/04\/116523_A01.jpg\",\"datePublished\":\"2026-04-30T15:05:19+00:00\",\"dateModified\":\"2026-04-30T15:05:51+00:00\",\"description\":\"Veste de s\u00e9curit\u00e9 - 116523 avec bande r\u00e9fl\u00e9chissante est un mod\u00e8le d\u00e9tachable en 5 points, con\u00e7u pour offrir une s\u00e9curit\u00e9 accrue\",\"breadcrumb\":{\"@id\":\"https:\/\/autravail.ca\/product\/veste-de-securite-116523\/#breadcrumb\"},\"inLanguage\":\"en-CA\",\"potentialAction\":[{\"@type\":\"ReadAction\",\"target\":[\"https:\/\/autravail.ca\/product\/veste-de-securite-116523\/\"]}]},{\"@type\":\"ImageObject\",\"inLanguage\":\"en-CA\",\"@id\":\"https:\/\/autravail.ca\/product\/veste-de-securite-116523\/#primaryimage\",\"url\":\"https:\/\/autravail.ca\/wp-content\/uploads\/2026\/04\/116523_A01.jpg\",\"contentUrl\":\"https:\/\/autravail.ca\/wp-content\/uploads\/2026\/04\/116523_A01.jpg\",\"width\":1000,\"height\":1000,\"caption\":\"Veste de s\u00e9curit\u00e9 - 116523\"},{\"@type\":\"BreadcrumbList\",\"@id\":\"https:\/\/autravail.ca\/product\/veste-de-securite-116523\/#breadcrumb\",\"itemListElement\":[{\"@type\":\"ListItem\",\"position\":1,\"name\":\"Accueil\",\"item\":\"https:\/\/autravail.ca\/\"},{\"@type\":\"ListItem\",\"position\":2,\"name\":\"Magasin\",\"item\":\"https:\/\/autravail.ca\/en\/shop\/\"},{\"@type\":\"ListItem\",\"position\":3,\"name\":\"Veste de s\u00e9curit\u00e9 &#8211; 116523\"}]},{\"@type\":\"WebSite\",\"@id\":\"https:\/\/autravail.ca\/#website\",\"url\":\"https:\/\/autravail.ca\/\",\"name\":\"Le Magasin Industriel\",\"description\":\"50 ans de tradition de s\u00e9curit\u00e9 au travail\",\"publisher\":{\"@id\":\"https:\/\/autravail.ca\/#organization\"},\"potentialAction\":[{\"@type\":\"SearchAction\",\"target\":{\"@type\":\"EntryPoint\",\"urlTemplate\":\"https:\/\/autravail.ca\/?s={search_term_string}\"},\"query-input\":{\"@type\":\"PropertyValueSpecification\",\"valueRequired\":true,\"valueName\":\"search_term_string\"}}],\"inLanguage\":\"en-CA\"},{\"@type\":\"Organization\",\"@id\":\"https:\/\/autravail.ca\/#organization\",\"name\":\"Le Magasin Industriel\",\"url\":\"https:\/\/autravail.ca\/\",\"logo\":{\"@type\":\"ImageObject\",\"inLanguage\":\"en-CA\",\"@id\":\"https:\/\/autravail.ca\/#\/schema\/logo\/image\/\",\"url\":\"https:\/\/autravail.ca\/wp-content\/uploads\/2025\/05\/cropped-magasin_industriel_120x.avif\",\"contentUrl\":\"https:\/\/autravail.ca\/wp-content\/uploads\/2025\/05\/cropped-magasin_industriel_120x.avif\",\"width\":120,\"height\":24,\"caption\":\"Le Magasin Industriel\"},\"image\":{\"@id\":\"https:\/\/autravail.ca\/#\/schema\/logo\/image\/\"},\"sameAs\":[\"https:\/\/www.facebook.com\/lemagasinindustriel\/?locale=fr_FR\"]}]}<\/script>\n<!-- \/ Yoast SEO plugin. -->","yoast_head_json":{"title":"Veste de s\u00e9curit\u00e9 - 116523 - Le Magasin Industriel","description":"Veste de s\u00e9curit\u00e9 - 116523 avec bande r\u00e9fl\u00e9chissante est un mod\u00e8le d\u00e9tachable en 5 points, con\u00e7u pour offrir une s\u00e9curit\u00e9 accrue","robots":{"index":"index","follow":"follow","max-snippet":"max-snippet:-1","max-image-preview":"max-image-preview:large","max-video-preview":"max-video-preview:-1"},"canonical":"https:\/\/autravail.ca\/en\/product\/veste-de-securite-116523\/","og_locale":"en_US","og_type":"article","og_title":"Veste de s\u00e9curit\u00e9 - 116523 - Le Magasin Industriel","og_description":"Veste de s\u00e9curit\u00e9 - 116523 avec bande r\u00e9fl\u00e9chissante est un mod\u00e8le d\u00e9tachable en 5 points, con\u00e7u pour offrir une s\u00e9curit\u00e9 accrue","og_url":"https:\/\/autravail.ca\/en\/product\/veste-de-securite-116523\/","og_site_name":"Le Magasin Industriel","article_publisher":"https:\/\/www.facebook.com\/lemagasinindustriel\/?locale=fr_FR","article_modified_time":"2026-04-30T15:05:51+00:00","og_image":[{"width":1000,"height":1000,"url":"https:\/\/autravail.ca\/wp-content\/uploads\/2026\/04\/116523_A01.jpg","type":"image\/jpeg"}],"twitter_card":"summary_large_image","twitter_misc":{"Est. reading time":"2 minutes"},"schema":{"@context":"https:\/\/schema.org","@graph":[{"@type":"WebPage","@id":"https:\/\/autravail.ca\/product\/veste-de-securite-116523\/","url":"https:\/\/autravail.ca\/product\/veste-de-securite-116523\/","name":"Veste de s\u00e9curit\u00e9 - 116523 - Le Magasin Industriel","isPartOf":{"@id":"https:\/\/autravail.ca\/#website"},"primaryImageOfPage":{"@id":"https:\/\/autravail.ca\/product\/veste-de-securite-116523\/#primaryimage"},"image":{"@id":"https:\/\/autravail.ca\/product\/veste-de-securite-116523\/#primaryimage"},"thumbnailUrl":"https:\/\/autravail.ca\/wp-content\/uploads\/2026\/04\/116523_A01.jpg","datePublished":"2026-04-30T15:05:19+00:00","dateModified":"2026-04-30T15:05:51+00:00","description":"Veste de s\u00e9curit\u00e9 - 116523 avec bande r\u00e9fl\u00e9chissante est un mod\u00e8le d\u00e9tachable en 5 points, con\u00e7u pour offrir une s\u00e9curit\u00e9 accrue","breadcrumb":{"@id":"https:\/\/autravail.ca\/product\/veste-de-securite-116523\/#breadcrumb"},"inLanguage":"en-CA","potentialAction":[{"@type":"ReadAction","target":["https:\/\/autravail.ca\/product\/veste-de-securite-116523\/"]}]},{"@type":"ImageObject","inLanguage":"en-CA","@id":"https:\/\/autravail.ca\/product\/veste-de-securite-116523\/#primaryimage","url":"https:\/\/autravail.ca\/wp-content\/uploads\/2026\/04\/116523_A01.jpg","contentUrl":"https:\/\/autravail.ca\/wp-content\/uploads\/2026\/04\/116523_A01.jpg","width":1000,"height":1000,"caption":"Veste de s\u00e9curit\u00e9 - 116523"},{"@type":"BreadcrumbList","@id":"https:\/\/autravail.ca\/product\/veste-de-securite-116523\/#breadcrumb","itemListElement":[{"@type":"ListItem","position":1,"name":"Accueil","item":"https:\/\/autravail.ca\/"},{"@type":"ListItem","position":2,"name":"Magasin","item":"https:\/\/autravail.ca\/en\/shop\/"},{"@type":"ListItem","position":3,"name":"Veste de s\u00e9curit\u00e9 &#8211; 116523"}]},{"@type":"WebSite","@id":"https:\/\/autravail.ca\/#website","url":"https:\/\/autravail.ca\/","name":"Le Magasin Industriel","description":"50 ans de tradition de s\u00e9curit\u00e9 au travail","publisher":{"@id":"https:\/\/autravail.ca\/#organization"},"potentialAction":[{"@type":"SearchAction","target":{"@type":"EntryPoint","urlTemplate":"https:\/\/autravail.ca\/?s={search_term_string}"},"query-input":{"@type":"PropertyValueSpecification","valueRequired":true,"valueName":"search_term_string"}}],"inLanguage":"en-CA"},{"@type":"Organization","@id":"https:\/\/autravail.ca\/#organization","name":"Le Magasin Industriel","url":"https:\/\/autravail.ca\/","logo":{"@type":"ImageObject","inLanguage":"en-CA","@id":"https:\/\/autravail.ca\/#\/schema\/logo\/image\/","url":"https:\/\/autravail.ca\/wp-content\/uploads\/2025\/05\/cropped-magasin_industriel_120x.avif","contentUrl":"https:\/\/autravail.ca\/wp-content\/uploads\/2025\/05\/cropped-magasin_industriel_120x.avif","width":120,"height":24,"caption":"Le Magasin Industriel"},"image":{"@id":"https:\/\/autravail.ca\/#\/schema\/logo\/image\/"},"sameAs":["https:\/\/www.facebook.com\/lemagasinindustriel\/?locale=fr_FR"]}]}},"jetpack_sharing_enabled":true,"_links":{"self":[{"href":"https:\/\/autravail.ca\/en\/wp-json\/wp\/v2\/product\/47740","targetHints":{"allow":["GET"]}}],"collection":[{"href":"https:\/\/autravail.ca\/en\/wp-json\/wp\/v2\/product"}],"about":[{"href":"https:\/\/autravail.ca\/en\/wp-json\/wp\/v2\/types\/product"}],"replies":[{"embeddable":true,"href":"https:\/\/autravail.ca\/en\/wp-json\/wp\/v2\/comments?post=47740"}],"wp:featuredmedia":[{"embeddable":true,"href":"https:\/\/autravail.ca\/en\/wp-json\/wp\/v2\/media\/47741"}],"wp:attachment":[{"href":"https:\/\/autravail.ca\/en\/wp-json\/wp\/v2\/media?parent=47740"}],"wp:term":[{"taxonomy":"product_cat","embeddable":true,"href":"https:\/\/autravail.ca\/en\/wp-json\/wp\/v2\/product_cat?post=47740"},{"taxonomy":"product_tag","embeddable":true,"href":"https:\/\/autravail.ca\/en\/wp-json\/wp\/v2\/product_tag?post=47740"}],"curies":[{"name":"wp","href":"https:\/\/api.w.org\/{rel}","templated":true}]}}

Veste de sécurité &#8211; 116523

<h3>Veste de sécurité &#8211; 116523</h3>
<p>Veste de sécurité &#8211; 116523 est un modèle détachable en 5 points, conçu pour offrir une sécurité accrue en évitant les risques d&rsquo;enchevêtrement dans les machines ou les zones de trafic intense.</p>
<h6>Characteristics:</h6>
<ul>
<li><span dir="auto">Fabriqué en maille de polyester</span></li>
<li>Bande réfléchissante de 5 cm sur une bande contrastante de 10 cm</li>
<li><span dir="auto">Fermeture par bande auto-agrippante anti-enchevêtrement sur le devant, les épaules et les côtés</span></li>
<li><span dir="auto">2 boucles de microphone</span></li>
<li><span dir="auto">Poche transparente pour badge d&rsquo;identification</span></li>
<li><span dir="auto">2 poches à rabat à la taille</span></li>
<li><span dir="auto">Accès au harnais par anneau en D au niveau de la bride arrière</span></li>
<li>CSA-Z96: Classe 1 &#8211; Niveau 2 (noir), Classe 2 &#8211; Niveau 2 (orange et jaune)</li>
<li>ANSI/ISEA 107: Type O &#8211; Classe 1 (noir), Type R &#8211; Classe 2 (orange et jaune)</li>
</ul>
<p><img decoding="async" class="alignnone wp-image-40620" src="https://autravail.ca/wp-content/uploads/2025/09/Jachete-quebec-et-canada.jpg" alt="Logo de l'achat local" width="162" height="139" />Merci d&rsquo;encourager une entreprise 100% d&rsquo;ici!</p>
<p>TS2604H</p>

<p>Veste de sécurité &#8211; 116523 Veste de sécurité &#8211; 116523 est un modèle détachable en 5 points, conçu pour offrir une sécurité accrue en évitant les risques d&rsquo;enchevêtrement dans les machines ou les zones de trafic intense. Caractéristiques: Fabriqué en maille de polyester Bande réfléchissante de 5 cm sur une bande contrastante de 10 cm [&hellip;]</p>

<!-- This site is optimized with the Yoast SEO plugin v25.3.1 - https://yoast.com/wordpress/plugins/seo/ -->
<title>Veste de sécurité - 116523 - Le Magasin Industriel</title>
<meta name="description" content="Veste de sécurité - 116523 avec bande réfléchissante est un modèle détachable en 5 points, conçu pour offrir une sécurité accrue" />
<meta name="robots" content="index, follow, max-snippet:-1, max-image-preview:large, max-video-preview:-1" />
<link rel="canonical" href="https://autravail.ca/en/product/veste-de-securite-116523/" />
<meta property="og:locale" content="en_US" />
<meta property="og:type" content="article" />
<meta property="og:title" content="Veste de sécurité - 116523 - Le Magasin Industriel" />
<meta property="og:description" content="Veste de sécurité - 116523 avec bande réfléchissante est un modèle détachable en 5 points, conçu pour offrir une sécurité accrue" />
<meta property="og:url" content="https://autravail.ca/en/product/veste-de-securite-116523/" />
<meta property="og:site_name" content="Le Magasin Industriel" />
<meta property="article:publisher" content="https://www.facebook.com/lemagasinindustriel/?locale=fr_FR" />
<meta property="article:modified_time" content="2026-04-30T15:05:51+00:00" />
<meta property="og:image" content="https://autravail.ca/wp-content/uploads/2026/04/116523_A01.jpg" />
	<meta property="og:image:width" content="1000" />
	<meta property="og:image:height" content="1000" />
	<meta property="og:image:type" content="image/jpeg" />
<meta name="twitter:card" content="summary_large_image" />
<meta name="twitter:label1" content="Est. reading time" />
	<meta name="twitter:data1" content="2 minutes" />
<script type="application/ld+json" class="yoast-schema-graph">{"@context":"https://schema.org","@graph":[{"@type":"WebPage","@id":"https://autravail.ca/product/veste-de-securite-116523/","url":"https://autravail.ca/product/veste-de-securite-116523/","name":"Veste de sécurité - 116523 - Le Magasin Industriel","isPartOf":{"@id":"https://autravail.ca/#website"},"primaryImageOfPage":{"@id":"https://autravail.ca/product/veste-de-securite-116523/#primaryimage"},"image":{"@id":"https://autravail.ca/product/veste-de-securite-116523/#primaryimage"},"thumbnailUrl":"https://autravail.ca/wp-content/uploads/2026/04/116523_A01.jpg","datePublished":"2026-04-30T15:05:19+00:00","dateModified":"2026-04-30T15:05:51+00:00","description":"Veste de sécurité - 116523 avec bande réfléchissante est un modèle détachable en 5 points, conçu pour offrir une sécurité accrue","breadcrumb":{"@id":"https://autravail.ca/product/veste-de-securite-116523/#breadcrumb"},"inLanguage":"en-CA","potentialAction":[{"@type":"ReadAction","target":["https://autravail.ca/product/veste-de-securite-116523/"]}]},{"@type":"ImageObject","inLanguage":"en-CA","@id":"https://autravail.ca/product/veste-de-securite-116523/#primaryimage","url":"https://autravail.ca/wp-content/uploads/2026/04/116523_A01.jpg","contentUrl":"https://autravail.ca/wp-content/uploads/2026/04/116523_A01.jpg","width":1000,"height":1000,"caption":"Veste de sécurité - 116523"},{"@type":"BreadcrumbList","@id":"https://autravail.ca/product/veste-de-securite-116523/#breadcrumb","itemListElement":[{"@type":"ListItem","position":1,"name":"Accueil","item":"https://autravail.ca/"},{"@type":"ListItem","position":2,"name":"Magasin","item":"https://autravail.ca/en/shop/"},{"@type":"ListItem","position":3,"name":"Veste de sécurité &#8211; 116523"}]},{"@type":"WebSite","@id":"https://autravail.ca/#website","url":"https://autravail.ca/","name":"Le Magasin Industriel","description":"50 ans de tradition de sécurité au travail","publisher":{"@id":"https://autravail.ca/#organization"},"potentialAction":[{"@type":"SearchAction","target":{"@type":"EntryPoint","urlTemplate":"https://autravail.ca/?s={search_term_string}"},"query-input":{"@type":"PropertyValueSpecification","valueRequired":true,"valueName":"search_term_string"}}],"inLanguage":"en-CA"},{"@type":"Organization","@id":"https://autravail.ca/#organization","name":"Le Magasin Industriel","url":"https://autravail.ca/","logo":{"@type":"ImageObject","inLanguage":"en-CA","@id":"https://autravail.ca/#/schema/logo/image/","url":"https://autravail.ca/wp-content/uploads/2025/05/cropped-magasin_industriel_120x.avif","contentUrl":"https://autravail.ca/wp-content/uploads/2025/05/cropped-magasin_industriel_120x.avif","width":120,"height":24,"caption":"Le Magasin Industriel"},"image":{"@id":"https://autravail.ca/#/schema/logo/image/"},"sameAs":["https://www.facebook.com/lemagasinindustriel/?locale=fr_FR"]}]}</script>
<!-- / Yoast SEO plugin. -->

Veste de sécurité - 116523 - Le Magasin Industriel

Veste de sécurité - 116523 avec bande réfléchissante est un modèle détachable en 5 points, conçu pour offrir une sécurité accrue

Veste de sécurité - 116523

50 ans de tradition de sécurité au travail
